{"id":51,"date":"2016-06-17T19:55:12","date_gmt":"2016-06-17T19:55:12","guid":{"rendered":"http:\/\/www.bafrakolayasm.com\/?page_id=51"},"modified":"2016-06-17T19:55:12","modified_gmt":"2016-06-17T19:55:12","slug":"hasta-haklari","status":"publish","type":"page","link":"https:\/\/www.bafrakolayasm.com\/?page_id=51","title":{"rendered":"Hasta Haklar\u0131"},"content":{"rendered":"<p><strong>1. Sa\u011fl\u0131k Hizmetlerinden Adalet ve Hakkaniyet \u0130lkeleri \u00c7er\u00e7evesinde Faydalanma Hakk\u0131<\/strong><\/p>\n<p>Her birey sa\u011fl\u0131k ihtiya\u00e7lar\u0131n\u0131n kar\u015f\u0131lanmas\u0131 i\u00e7in sa\u011fl\u0131k hizmetlerinden yararlanma hakk\u0131na sahiptir. Sa\u011fl\u0131k hizmetleri, herkes i\u00e7in e\u015fit ula\u015f\u0131labilirlikte ve s\u00fcrekli olmal\u0131; ay\u0131r\u0131ms\u0131z ve maddi, insani, finansman kaynaklar\u0131ndan ba\u011f\u0131ms\u0131z olarak hizmet verilen toplum i\u00e7in mevcut olmal\u0131d\u0131r.<\/p>\n<p>Kad\u0131n veya erkek herkesin insan olmas\u0131 dolay\u0131s\u0131yla sa\u011fl\u0131k hizmetinden yararlanma hakk\u0131 vard\u0131r.<\/p>\n<p>Herkes kendi ya\u015fam\u0131n\u0131 belirleme hakk\u0131na sahiptir.<\/p>\n<p>Herkes fiziksel ve ruhsal b\u00fct\u00fcnl\u00fc\u011fe sahip olmaya ve ki\u015fi olarak g\u00fcvenli bir ya\u015fam s\u00fcrd\u00fcrme hakk\u0131na sahiptir.Hasta, hem teknik standartlar hem de sa\u011fl\u0131k personeli ile hastalar aras\u0131ndaki insani ili\u015fkiler bak\u0131m\u0131ndan kaliteli hizmet alma hakk\u0131na sahiptir.<\/p>\n<p>Herkes ihtiyac\u0131 olan sa\u011fl\u0131k deste\u011fine kolayca ula\u015fabilmelidir.<\/p>\n<p>Herkes hastal\u0131klar\u0131n \u00f6nlenmesi ve sa\u011fl\u0131k bak\u0131m\u0131 i\u00e7in yeterli \u00f6l\u00e7\u00fcde \u00e7aba g\u00f6sterilerek sa\u011fl\u0131\u011f\u0131n\u0131n korunmas\u0131 ve kendisi i\u00e7in edinilebilir en y\u00fcksek sa\u011fl\u0131k seviyesine kavu\u015fma f\u0131rsat\u0131 hakk\u0131na sahiptir.<\/p>\n<p>Sa\u011fl\u0131k hizmetleri herkese e\u015fit olarak verilmeli ve hastal\u0131\u011f\u0131n t\u00fcr\u00fc, zaman\u0131, ikamet yeri veya mali kaynaklar konusunda ayr\u0131m yap\u0131lmamal\u0131d\u0131r.<\/p>\n<p>Ekonomik veya mali durumlardan ba\u011f\u0131ms\u0131z olarak(gerek\u00e7eler dikkate al\u0131nmadan) her birey uluslararas\u0131 standartlara g\u00f6re, yeniliklerden -te\u015fhis prosed\u00fcrleri dahil olmak \u00fczere- yararlanma hakk\u0131na sahiptir.<\/p>\n<p><strong>2. E\u015fitlik \u0130\u00e7inde Hizmete Ula\u015fma Hakk\u0131<\/strong><\/p>\n<p>Irk, dil, din ve mezhep, cinsiyet, siyasi d\u00fc\u015f\u00fcnce, felsefi inan\u00e7, ekonomik ve sosyal durumlar\u0131 dikkate al\u0131nmadan hizmet almaya hakk\u0131 vard\u0131r.<br \/>\n<strong>3. Bilgi Talep Edebilme Hakk\u0131<\/strong><\/p>\n<ul>\n<li>Sa\u011fl\u0131k servisleri ve bu servislerin en iyi nas\u0131l kullanaca\u011f\u0131 konusundaki bilgi herkes i\u00e7in ula\u015f\u0131labilir olmal\u0131d\u0131r.<\/li>\n<li>Hastalar, durumlar\u0131 ile ilgili t\u0131bbi ger\u00e7ekleri, \u00f6nerilen t\u0131bbi giri\u015fimleri ve her bir giri\u015fimin potansiyel risk veya yararlar\u0131n\u0131, \u00f6nerilen giri\u015fimlerin alternatiflerini, tedavisiz kalman\u0131n sonucunu, tan\u0131, hastal\u0131\u011f\u0131n ve tedavinin gidi\u015fi konular\u0131n\u0131 i\u00e7erecek \u015fekilde sa\u011fl\u0131k durumlar\u0131 konusunda tam olarak bilgilenme hakk\u0131na sahiptir. Herhangi bir ba\u015fka kuruma sevk ya da nakil durumlar\u0131nda, (acil bir durum yoksa) ki\u015fiye ayr\u0131nt\u0131l\u0131 bilgi verilmesi gerekmektedir.<\/li>\n<li>Bilgilendirme, yaln\u0131zca bilgi vermemenin hasta \u00fczerine a\u00e7\u0131k ve olumlu bir etkisinin olaca\u011f\u0131na inanmak gibi ge\u00e7erli bir nedenin oldu\u011fu zamanlarda k\u0131s\u0131tlanabilir.<\/li>\n<li>Bilgi, hastan\u0131n anlama kapasitesine uygun bir yolla ve yabanc\u0131 teknik terminoloji kullan\u0131m\u0131n\u0131 en aza indirerek iletilmelidir. Hasta ortak dil konu\u015fam\u0131yorsa \u00e7eviri yap\u0131labilir.<\/li>\n<li>Hastalar kesin olarak belirttikleri takdirde bilgilendirilmeme hakk\u0131na sahiptirler.<\/li>\n<li>Hastalar kendi yerlerine kimin bilgilendirilece\u011fini se\u00e7me hakk\u0131na sahiptir.<\/li>\n<li>Hastalar ikinci bir g\u00f6r\u00fc\u015f alma imk\u00e2n\u0131na sahip olmal\u0131d\u0131r.<\/li>\n<li>Sa\u011fl\u0131k kurumuna kabul edilen hastalar, kendilerine bakan sa\u011fl\u0131k personelinin kimli\u011fi, mesleki durumu, o kurumda kald\u0131\u011f\u0131 ve bak\u0131ld\u0131\u011f\u0131 s\u00fcrece uyaca\u011f\u0131 kurallar ve rutin i\u015flemler konular\u0131nda bilgilendirilmelidir<\/li>\n<li>Hastalar, sa\u011fl\u0131k kurumundan taburcu edildiklerinde tan\u0131lar\u0131, tedavileri ve bak\u0131mlar\u0131n\u0131 i\u00e7eren bir yaz\u0131l\u0131 \u00f6zet alma ve isteme imk\u00e2n\u0131na sahiptir.<\/li>\n<li>Sa\u011fl\u0131k hizmetleri ile ilgili bilgilerin kolay ula\u015f\u0131l\u0131r olmas\u0131 gerekir, b\u00fcrokratik engellerin kald\u0131r\u0131l\u0131p, sa\u011fl\u0131k elemanlar\u0131n\u0131n e\u011fitilmesi ve bilgi materyallerinin haz\u0131rlan\u0131p da\u011f\u0131t\u0131lmas\u0131 sa\u011flanmal\u0131d\u0131r.<\/li>\n<li>Her birey, bilimsel ara\u015ft\u0131rma, ila\u00e7 tedavisi ve teknolojik yenilikler ile ilgili bilgi alma hakk\u0131na sahiptir.<\/li>\n<\/ul>\n<p><strong>4. Sa\u011fl\u0131k Kurulu\u015funu Se\u00e7me ve De\u011fi\u015ftirme Hakk\u0131<\/strong><\/p>\n<ul>\n<li>Hasta, sa\u011fl\u0131k kurum ve kurulu\u015funu se\u00e7me hakk\u0131na sahiptir. Mevzuat ile belirlenmi\u015f sevk sistemine uygun olmak \u015fart\u0131 ile hasta sa\u011fl\u0131k kurulu\u015funu de\u011fi\u015ftirebilir.<\/li>\n<li>Ancak, kurulu\u015fu de\u011fi\u015ftirmenin hayati tehlikeye yol a\u00e7\u0131p a\u00e7mayaca\u011f\u0131 ve hastal\u0131\u011f\u0131n\u0131n daha da a\u011f\u0131rla\u015f\u0131p a\u011f\u0131rla\u015fmayaca\u011f\u0131 hususlar\u0131nda, hastan\u0131n tabip taraf\u0131ndan ayd\u0131nlat\u0131lmas\u0131 ve hayati tehlike bak\u0131m\u0131ndan t\u0131bben sak\u0131nca g\u00f6r\u00fclmemesi esast\u0131r.<\/li>\n<\/ul>\n<p><strong>5. Personeli Tan\u0131ma, Se\u00e7me ve De\u011fi\u015ftirme Hakk\u0131<\/strong><\/p>\n<ul>\n<li>Hastaya talebi halinde, kendisine sa\u011fl\u0131k hizmeti verecek veya vermekte olan doktorlar\u0131n ve di\u011fer personelin kimlikleri, g\u00f6rev ve unvanlar\u0131 hakk\u0131nda bilgi verilir.<\/li>\n<li>Mevzuat ile belirlenmi\u015f usullere uyulmak \u015fart\u0131 ile hastan\u0131n, kendisine sa\u011fl\u0131k hizmeti verecek olan personeli serbest\u00e7e se\u00e7me, tedavisi ile ilgilenen tabibi de\u011fi\u015ftirme hakk\u0131 vard\u0131r.<\/li>\n<\/ul>\n<p><strong>6. Bilgi \u0130steme Hakk\u0131<\/strong><\/p>\n<ul>\n<li>Sa\u011fl\u0131k durumu ile ilgili her t\u00fcrl\u00fc bilgiyi s\u00f6zl\u00fc veya yaz\u0131l\u0131 olarak istemeye hakk\u0131 vard\u0131r.<\/li>\n<\/ul>\n<p><strong>7. Mahremiyete Sayg\u0131 G\u00f6sterilmesi ve Bunu Talep Hakk\u0131<\/strong><\/p>\n<ul>\n<li>Hastan\u0131n, mahremiyetine sayg\u0131 g\u00f6sterilmesi esast\u0131r. Her t\u00fcrl\u00fc t\u0131bbi m\u00fcdahale, hastan\u0131n mahremiyetine sayg\u0131 g\u00f6sterilmek suretiyle icra edilir. \u00d6l\u00fcm olay\u0131, mahremiyetin bozulmas\u0131 hakk\u0131n\u0131 vermez. Hastaya ait bu bilgiler, yaln\u0131zca hastan\u0131n a\u00e7\u0131k izni veya mahkemenin kesin iste\u011fi \u00fczerine a\u00e7\u0131klanabilir. Hastan\u0131n tedavisi ile ilgili di\u011fer sa\u011fl\u0131k personeline ihtiya\u00e7 s\u00f6z konusu oldu\u011funda hastan\u0131n onay\u0131 oldu\u011fu varsay\u0131larak davran\u0131l\u0131r.<\/li>\n<li>Kanunda g\u00f6sterilen istisnalar hari\u00e7 olmak \u00fczere, kimse, r\u0131zas\u0131 olmaks\u0131z\u0131n t\u0131bbi ameliyata tabi tutulamaz.<\/li>\n<li>Ara\u015ft\u0131rma ve e\u011fitim amac\u0131 ile yap\u0131lan faaliyetlerde de hastan\u0131n kimlik bilgileri, r\u0131zas\u0131 olmaks\u0131z\u0131n a\u00e7\u0131klanamaz.<\/li>\n<li>Hastan\u0131n tan\u0131, tedavi ve bak\u0131m\u0131 i\u00e7in gerekli olmad\u0131k\u00e7a ve ek olarak hasta izin vermedik\u00e7e hastan\u0131n \u00f6zel ve aile hayat\u0131na girilemez.<\/li>\n<li>T\u0131bbi giri\u015fimler ancak ki\u015finin \u00f6zel hayat\u0131na sayg\u0131 g\u00f6sterilmesi durumunda yap\u0131labilir. Bunun anlam\u0131 \u00f6nerilen giri\u015fimin hastan\u0131n onay\u0131 veya iste\u011fine g\u00f6re ve ki\u015finin ihtiyac\u0131 durumunda yap\u0131labilecektir.<\/li>\n<li>Sa\u011fl\u0131k kurumlar\u0131na ba\u015fvuran hastalar, \u00f6zellikle sa\u011fl\u0131k personelinin ki\u015fisel bak\u0131mlar\u0131n\u0131 veya muayene ve tedavilerini yapaca\u011f\u0131 durumda kurumlar\u0131n \u00f6zel hayatlar\u0131n\u0131n korunmas\u0131n\u0131 sa\u011flayan fiziksel \u00f6zelliklere sahip olmas\u0131n\u0131 bekleme hakk\u0131na sahiptirler.<\/li>\n<\/ul>\n<p><strong>8. T\u0131bbi M\u00fcdahalede Hastan\u0131n R\u0131za ve \u0130zin Hakk\u0131<\/strong><\/p>\n<ul>\n<li>Hastan\u0131n bilgilendirilmi\u015f onay\u0131 herhangi bir t\u0131bbi giri\u015fimin \u00f6n ko\u015fuludur.<\/li>\n<li>Hasta t\u0131bbi giri\u015fimi reddetme veya durdurma hakk\u0131na sahiptir. Reddedilen veya durdurulan t\u0131bbi giri\u015fimin getirece\u011fi sonu\u00e7lar hastaya dikkatli bir \u015fekilde a\u00e7\u0131klanmal\u0131d\u0131r.<\/li>\n<li>Hastan\u0131n iradesini beyan etmesinin m\u00fcmk\u00fcn olmad\u0131\u011f\u0131 ve acilen t\u0131bbi giri\u015fim yap\u0131lmas\u0131 gereken durumlarda, daha \u00f6nceden bu giri\u015fimi reddetti\u011fini g\u00f6steren bir a\u00e7\u0131klamas\u0131 yoksa hastan\u0131n onay\u0131 varsay\u0131larak giri\u015fim yap\u0131labilir.<\/li>\n<li>Hastan\u0131n yasal temsilcisinin onay\u0131n\u0131n gerekti\u011fi ve \u00f6nerilen giri\u015fimin acil oldu\u011fu durumda e\u011fer temsilcinin onay\u0131 zaman\u0131nda al\u0131nam\u0131yorsa t\u0131bbi giri\u015fim yap\u0131labilir.<\/li>\n<li>Yasal temsilcinin onay\u0131 gerekti\u011fi zaman, hastalar (\u00e7ocuk veya eri\u015fkin olsun) durumlar\u0131n\u0131n izin verdi\u011fi \u00f6l\u00e7\u00fcde yine de karar alma s\u00fcrecine d\u00e2hil edilmelidir.<\/li>\n<li>Yasal temsilcinin onay vermeyi reddetti\u011fi durumda, doktor veya di\u011fer sa\u011fl\u0131k personelinin g\u00f6r\u00fc\u015f\u00fc giri\u015fimin hastay\u0131 ilgilendirdi\u011fi yolunda ise, karar mahkemeye veya hakem heyeti benzeri mercie b\u0131rak\u0131lmal\u0131d\u0131r.<\/li>\n<li>\u0130nsan v\u00fccudunun b\u00fct\u00fcn par\u00e7alar\u0131n\u0131n kullan\u0131m\u0131 ve korunmas\u0131 i\u00e7in hasta onay\u0131 gereklidir. Tan\u0131, tedavi ve hasta bak\u0131m\u0131 i\u00e7in madde kullan\u0131m\u0131 gereken durumlarda onay varsay\u0131larak davran\u0131labilir<\/li>\n<li>Klinik \u00e7al\u0131\u015fmalara kat\u0131l\u0131m i\u00e7in hastan\u0131n bilgilendirilmi\u015f onay\u0131na ihtiya\u00e7 vard\u0131r.<\/li>\n<li>Ara\u015ft\u0131rmac\u0131 kurum ya da ki\u015filer sonu\u00e7ta olu\u015fabilecek zarardan dolay\u0131 maddi manevi tazminat \u00f6demekle sorumludurlar.<\/li>\n<li>Hi\u00e7 kimse; Bakanl\u0131\u011f\u0131n izni ve kendi r\u0131zas\u0131 bulunmaks\u0131z\u0131n, tecr\u00fcbe, ara\u015ft\u0131rma veya e\u011fitim ama\u00e7l\u0131 hi\u00e7bir t\u0131bbi m\u00fcdahale konusu yap\u0131lamaz.<\/li>\n<li>Hastan\u0131n bilgilendirilmi\u015f onay\u0131) bilimsel ara\u015ft\u0131rmalarda dahil edilmesi i\u00e7in \u00f6nko\u015fuldur. B\u00fct\u00fcn ara\u015ft\u0131rma protokolleri uygun etik kurul onay\u0131 i\u015flemlerinden ge\u00e7irilmelidir. Bu gibi ara\u015ft\u0131rmalar, yasal temsilcisinin onay\u0131 olmad\u0131k\u00e7a ve hastay\u0131 ilgilendirmedik\u00e7e kendi iradesini beyan edemeyen hastalarda yap\u0131lmamal\u0131d\u0131r.<\/li>\n<li>Bu konuyla ilgili bir istisna, \u00f6nemli bir de\u011feri olan, alternatif y\u00f6ntemleri olmayan ve ba\u015fka ara\u015ft\u0131rma \u00f6znesi bulunmayan ara\u015ft\u0131rmalard\u0131r. B\u00f6yle bir durumda risk ve\/veya y\u00fck \u00e7ok azsa, ki\u015finin itiraz\u0131 yoksa hastan\u0131n sa\u011fl\u0131\u011f\u0131na do\u011frudan bir yarar\u0131 olmasa da kapasite eksikli\u011fi olan bireyler g\u00f6zleme dayal\u0131 ara\u015ft\u0131rmalara d\u00e2hil edilebilir.<\/li>\n<li>Ki\u015fi istedi\u011fi zaman yaz\u0131l\u0131 onay bile vermi\u015f olsa herhangi bir durumda ara\u015ft\u0131rmay\u0131 terk edebilme hakk\u0131na sahiptir.<\/li>\n<li>Ara\u015ft\u0131rmay\u0131 y\u00fcr\u00fcten kurum ve ara\u015ft\u0131rmac\u0131lar, bireyin ara\u015ft\u0131rma esnas\u0131nda kar\u015f\u0131la\u015fabilece\u011fi risklerden ve zararlardan sorumlu tutulurlar.<\/li>\n<\/ul>\n<p><strong>9. Tedaviyi Reddetme ve Durdurma Hakk\u0131<\/strong><br \/>\nTedaviyi reddetmeye veya durdurulmas\u0131n\u0131 istemeye hakk\u0131 vard\u0131r. Ama kendisine bunun risk ve zararlar\u0131 anlat\u0131lmal\u0131d\u0131r.<\/p>\n<p><strong>10. G\u00fcvenli\u011fin Sa\u011flanmas\u0131 ve Rahatl\u0131k Hakk\u0131<\/strong><\/p>\n<ul>\n<li>Herkesin, sa\u011fl\u0131k kurum ve kurulu\u015flar\u0131nda g\u00fcvenlik i\u00e7inde olmay\u0131 bekleme ve bunu istemek haklar\u0131 vard\u0131r.<\/li>\n<li>B\u00fct\u00fcn sa\u011fl\u0131k kurum ve kurulu\u015flar\u0131, hastalar\u0131n ve ziyaret\u00e7i ve refakat\u00e7i gibi yak\u0131nlar\u0131n\u0131n can ve mal g\u00fcvenliklerinin korunmas\u0131 ve sa\u011flanmas\u0131 i\u00e7in gerekli tedbirleri almak zorundad\u0131rlar.<\/li>\n<li>K\u00f6t\u00fc i\u015fleyen sa\u011fl\u0131k hizmetlerinden, t\u0131bbi yanl\u0131\u015fl\u0131k ve hatalardan meydana gelen zararlardan her bir bireyin korunma hakk\u0131 vard\u0131r ve y\u00fcksek g\u00fcvenlik standartlar\u0131n\u0131 kar\u015f\u0131layan sa\u011fl\u0131k hizmetleri ve tedavilerinden de yararlanma hakk\u0131 vard\u0131r.<\/li>\n<li>Bu hakk\u0131n garantilenmesi(temini) i\u00e7in hastane ve sa\u011fl\u0131k hizmetleri risk fakt\u00f6rlerini s\u00fcrekli kontrol edip elektronik t\u0131bbi cihazlar\u0131n uygun bir \u015fekilde korundu\u011fu ve operat\u00f6rlerin (bu cihazlar\u0131 kullananlar\u0131n) iyi e\u011fitilmi\u015f olmas\u0131n\u0131 temin etmelidir.<\/li>\n<li>Di\u011fer sa\u011fl\u0131k profesyonelleri tedavinin b\u00fct\u00fcn a\u015famalar\u0131 (evreleri) ve unsurlar\u0131n\u0131n g\u00fcvenli\u011finden tam olarak sorumludur. Devaml\u0131 e\u011fitim alarak ve \u00f6rnekleri inceleyerek t\u0131p doktorlar\u0131 hata riskine kar\u015f\u0131 korunmay\u0131 sa\u011flamal\u0131d\u0131r.<\/li>\n<li>Her birey hastal\u0131\u011f\u0131n\u0131n her evresinde (a\u015famas\u0131nda), m\u00fcmk\u00fcn oldu\u011fu \u00f6l\u00e7\u00fcde ac\u0131 ve s\u0131k\u0131nt\u0131dan korunma hakk\u0131na sahiptir. Sa\u011fl\u0131k Hizmetleri, bu ba\u011flamda(bu ama\u00e7la) hastan\u0131n tedavisinin kolay ve rahat ge\u00e7mesi i\u00e7in gerekli tedbirleri almal\u0131d\u0131r.<\/li>\n<li>Her bireyin ac\u0131 \u00e7ekmeden insanc\u0131l bir son d\u00f6nem bak\u0131m\u0131 al\u0131p, insan onuruna yak\u0131\u015f\u0131r bir \u015fekilde rahat \u00f6lebilmesi i\u00e7in gereken yard\u0131m\u0131 alma hakk\u0131na sahiptir.<\/li>\n<\/ul>\n<p><strong>11. Dini Vecibeleri Yerine Getirebilme ve Dini Hizmetlerden Faydalanma Hakk\u0131<\/strong><\/p>\n<ul>\n<li>Kurumun d\u00fczenini bozmamak ko\u015fuluyla dini vecibelerinizi yerine getirme hakk\u0131n\u0131z mevcuttur.<\/li>\n<li>Kurum hizmetlerinde aksamalara sebebiyet vermemek \u015fart\u0131 ile hastalar\u0131 manevi y\u00f6nden desteklemek \u00fczere talepleri halinde, dini inan\u00e7lar\u0131na uygun olan din g\u00f6revlisi davet edilir. Bunun i\u00e7in, sa\u011fl\u0131k kurum ve kurulu\u015flar\u0131nda uygun zaman ve mek\u00e2n belirlenir.<\/li>\n<li>\u0130fadeye muktedir olmay\u0131p da dini inanc\u0131 bilinen ve kimsesiz olan hastalar i\u00e7in de, talep \u015fart\u0131 aranmaks\u0131z\u0131n, dini inan\u00e7lar\u0131na uygun olan din g\u00f6revlisi \u00e7a\u011fr\u0131l\u0131r.<\/li>\n<\/ul>\n<p><strong>12. Hastan\u0131n Ziyaret Hakk\u0131<\/strong><\/p>\n<ul>\n<li>Kurum ve kurulu\u015flarca belirlenen usul ve esaslara uygun olarak ziyaret\u00e7i kabul etmeye hakk\u0131 vard\u0131r.<\/li>\n<\/ul>\n<p><strong>13. Refakat\u00e7i Bulundurma Hakk\u0131<\/strong><\/p>\n<ul>\n<li>Muayene ve tedavi s\u0131ras\u0131nda hastaya yard\u0131mc\u0131 olmak \u00fczere; mevzuat\u0131n ve kurum imk\u00e2nlar\u0131n\u0131n elverdi\u011fi ve hastan\u0131n sa\u011fl\u0131k durumunun gerektirdi\u011fi \u00f6l\u00e7\u00fcde, tedaviden sorumlu olan tabibin uygun g\u00f6rmesine ba\u011fl\u0131 olarak, refakat\u00e7i bulundurulmas\u0131 istenebilir.<\/li>\n<\/ul>\n<p><strong>14. Ba\u015fvuru ve \u015eik\u00e2yet Hakk\u0131<\/strong><\/p>\n<ul>\n<li>Hastan\u0131n ve hasta ile ilgili bulunanlar\u0131n, hasta haklar\u0131n\u0131n ihlali halinde, mevzuat \u00e7er\u00e7evesinde her t\u00fcrl\u00fc m\u00fcracaat, \u015fik\u00e2yet ve dava haklar\u0131 vard\u0131r.<\/li>\n<li>Hasta haklar\u0131n\u0131n ihlali halinde, personeli istihdam eden kurum ve kurulu\u015f aleyhine maddi veya manevi veyahut hem maddi ve hem de manevi tazminat davas\u0131 a\u00e7\u0131labilir.<\/li>\n<li>Hastalar haklar\u0131na sayg\u0131 g\u00f6sterilmedi\u011fini d\u00fc\u015f\u00fcnd\u00fcklerinde, mahkemelere, hastanelerde hasta haklar\u0131 kurullar\u0131na, tabip odalar\u0131na ba\u015fvurabilirler.<\/li>\n<li>Hastalar\u0131n \u015fikayetlerinin de\u011ferlendirilmesi ve sonu\u00e7 hakk\u0131nda bilgilendirilmesi hakk\u0131 vard\u0131r.<\/li>\n<li>S\u00fcrekli hizmet gerekti\u011fi s\u00fcrece sa\u011fl\u0131k hizmetlerinden yararlanmaya hakk\u0131 vard\u0131r.<\/li>\n<\/ul>\n","protected":false},"excerpt":{"rendered":"<p>1. Sa\u011fl\u0131k Hizmetlerinden Adalet ve Hakkaniyet \u0130lkeleri \u00c7er\u00e7evesinde Faydalanma Hakk\u0131 Her birey sa\u011fl\u0131k ihtiya\u00e7lar\u0131n\u0131n kar\u015f\u0131lanmas\u0131 i\u00e7in sa\u011fl\u0131k hizmetlerinden yararlanma hakk\u0131na sahiptir. Sa\u011fl\u0131k hizmetleri, herkes i\u00e7in e\u015fit ula\u015f\u0131labilirlikte ve s\u00fcrekli olmal\u0131; ay\u0131r\u0131ms\u0131z ve maddi, insani, finansman kaynaklar\u0131ndan ba\u011f\u0131ms\u0131z olarak hizmet verilen toplum i\u00e7in mevcut olmal\u0131d\u0131r. Kad\u0131n veya erkek herkesin insan olmas\u0131 dolay\u0131s\u0131yla sa\u011fl\u0131k hizmetinden yararlanma hakk\u0131 [&hellip;]<\/p>\n","protected":false},"author":1,"featured_media":0,"parent":0,"menu_order":0,"comment_status":"closed","ping_status":"closed","template":"","meta":{"footnotes":""},"class_list":["post-51","page","type-page","status-publish","hentry"],"yoast_head":"<!-- This site is optimized with the Yoast SEO plugin v25.9 - https:\/\/yoast.com\/wordpress\/plugins\/seo\/ -->\n<title>Hasta Haklar\u0131 - Bafra Kolay Aile Sa\u011fl\u0131\u011f\u0131 Merkezi<\/title>\n<meta name=\"robots\" content=\"index, follow, max-snippet:-1, max-image-preview:large, max-video-preview:-1\" \/>\n<link rel=\"canonical\" href=\"https:\/\/www.bafrakolayasm.com\/?page_id=51\" \/>\n<meta property=\"og:locale\" content=\"tr_TR\" \/>\n<meta property=\"og:type\" content=\"article\" \/>\n<meta property=\"og:title\" content=\"Hasta Haklar\u0131 - Bafra Kolay Aile Sa\u011fl\u0131\u011f\u0131 Merkezi\" \/>\n<meta property=\"og:description\" content=\"1. Sa\u011fl\u0131k Hizmetlerinden Adalet ve Hakkaniyet \u0130lkeleri \u00c7er\u00e7evesinde Faydalanma Hakk\u0131 Her birey sa\u011fl\u0131k ihtiya\u00e7lar\u0131n\u0131n kar\u015f\u0131lanmas\u0131 i\u00e7in sa\u011fl\u0131k hizmetlerinden yararlanma hakk\u0131na sahiptir. Sa\u011fl\u0131k hizmetleri, herkes i\u00e7in e\u015fit ula\u015f\u0131labilirlikte ve s\u00fcrekli olmal\u0131; ay\u0131r\u0131ms\u0131z ve maddi, insani, finansman kaynaklar\u0131ndan ba\u011f\u0131ms\u0131z olarak hizmet verilen toplum i\u00e7in mevcut olmal\u0131d\u0131r. Kad\u0131n veya erkek herkesin insan olmas\u0131 dolay\u0131s\u0131yla sa\u011fl\u0131k hizmetinden yararlanma hakk\u0131 [&hellip;]\" \/>\n<meta property=\"og:url\" content=\"https:\/\/www.bafrakolayasm.com\/?page_id=51\" \/>\n<meta property=\"og:site_name\" content=\"Bafra Kolay Aile Sa\u011fl\u0131\u011f\u0131 Merkezi\" \/>\n<meta name=\"twitter:card\" content=\"summary_large_image\" \/>\n<meta name=\"twitter:label1\" content=\"Tahmini okuma s\u00fcresi\" \/>\n\t<meta name=\"twitter:data1\" content=\"10 dakika\" \/>\n<script type=\"application\/ld+json\" class=\"yoast-schema-graph\">{\"@context\":\"https:\/\/schema.org\",\"@graph\":[{\"@type\":\"WebPage\",\"@id\":\"https:\/\/www.bafrakolayasm.com\/?page_id=51\",\"url\":\"https:\/\/www.bafrakolayasm.com\/?page_id=51\",\"name\":\"Hasta Haklar\u0131 - Bafra Kolay Aile Sa\u011fl\u0131\u011f\u0131 Merkezi\",\"isPartOf\":{\"@id\":\"https:\/\/www.bafrakolayasm.com\/#website\"},\"datePublished\":\"2016-06-17T19:55:12+00:00\",\"breadcrumb\":{\"@id\":\"https:\/\/www.bafrakolayasm.com\/?page_id=51#breadcrumb\"},\"inLanguage\":\"tr\",\"potentialAction\":[{\"@type\":\"ReadAction\",\"target\":[\"https:\/\/www.bafrakolayasm.com\/?page_id=51\"]}]},{\"@type\":\"BreadcrumbList\",\"@id\":\"https:\/\/www.bafrakolayasm.com\/?page_id=51#breadcrumb\",\"itemListElement\":[{\"@type\":\"ListItem\",\"position\":1,\"name\":\"Anasayfa\",\"item\":\"https:\/\/www.bafrakolayasm.com\/\"},{\"@type\":\"ListItem\",\"position\":2,\"name\":\"Hasta Haklar\u0131\"}]},{\"@type\":\"WebSite\",\"@id\":\"https:\/\/www.bafrakolayasm.com\/#website\",\"url\":\"https:\/\/www.bafrakolayasm.com\/\",\"name\":\"Bafra Kolay Aile Sa\u011fl\u0131\u011f\u0131 Merkezi\",\"description\":\"Samsun Bafra Kolay ASM\",\"potentialAction\":[{\"@type\":\"SearchAction\",\"target\":{\"@type\":\"EntryPoint\",\"urlTemplate\":\"https:\/\/www.bafrakolayasm.com\/?s={search_term_string}\"},\"query-input\":{\"@type\":\"PropertyValueSpecification\",\"valueRequired\":true,\"valueName\":\"search_term_string\"}}],\"inLanguage\":\"tr\"}]}<\/script>\n<!-- \/ Yoast SEO plugin. -->","yoast_head_json":{"title":"Hasta Haklar\u0131 - Bafra Kolay Aile Sa\u011fl\u0131\u011f\u0131 Merkezi","robots":{"index":"index","follow":"follow","max-snippet":"max-snippet:-1","max-image-preview":"max-image-preview:large","max-video-preview":"max-video-preview:-1"},"canonical":"https:\/\/www.bafrakolayasm.com\/?page_id=51","og_locale":"tr_TR","og_type":"article","og_title":"Hasta Haklar\u0131 - Bafra Kolay Aile Sa\u011fl\u0131\u011f\u0131 Merkezi","og_description":"1. Sa\u011fl\u0131k Hizmetlerinden Adalet ve Hakkaniyet \u0130lkeleri \u00c7er\u00e7evesinde Faydalanma Hakk\u0131 Her birey sa\u011fl\u0131k ihtiya\u00e7lar\u0131n\u0131n kar\u015f\u0131lanmas\u0131 i\u00e7in sa\u011fl\u0131k hizmetlerinden yararlanma hakk\u0131na sahiptir. Sa\u011fl\u0131k hizmetleri, herkes i\u00e7in e\u015fit ula\u015f\u0131labilirlikte ve s\u00fcrekli olmal\u0131; ay\u0131r\u0131ms\u0131z ve maddi, insani, finansman kaynaklar\u0131ndan ba\u011f\u0131ms\u0131z olarak hizmet verilen toplum i\u00e7in mevcut olmal\u0131d\u0131r. Kad\u0131n veya erkek herkesin insan olmas\u0131 dolay\u0131s\u0131yla sa\u011fl\u0131k hizmetinden yararlanma hakk\u0131 [&hellip;]","og_url":"https:\/\/www.bafrakolayasm.com\/?page_id=51","og_site_name":"Bafra Kolay Aile Sa\u011fl\u0131\u011f\u0131 Merkezi","twitter_card":"summary_large_image","twitter_misc":{"Tahmini okuma s\u00fcresi":"10 dakika"},"schema":{"@context":"https:\/\/schema.org","@graph":[{"@type":"WebPage","@id":"https:\/\/www.bafrakolayasm.com\/?page_id=51","url":"https:\/\/www.bafrakolayasm.com\/?page_id=51","name":"Hasta Haklar\u0131 - Bafra Kolay Aile Sa\u011fl\u0131\u011f\u0131 Merkezi","isPartOf":{"@id":"https:\/\/www.bafrakolayasm.com\/#website"},"datePublished":"2016-06-17T19:55:12+00:00","breadcrumb":{"@id":"https:\/\/www.bafrakolayasm.com\/?page_id=51#breadcrumb"},"inLanguage":"tr","potentialAction":[{"@type":"ReadAction","target":["https:\/\/www.bafrakolayasm.com\/?page_id=51"]}]},{"@type":"BreadcrumbList","@id":"https:\/\/www.bafrakolayasm.com\/?page_id=51#breadcrumb","itemListElement":[{"@type":"ListItem","position":1,"name":"Anasayfa","item":"https:\/\/www.bafrakolayasm.com\/"},{"@type":"ListItem","position":2,"name":"Hasta Haklar\u0131"}]},{"@type":"WebSite","@id":"https:\/\/www.bafrakolayasm.com\/#website","url":"https:\/\/www.bafrakolayasm.com\/","name":"Bafra Kolay Aile Sa\u011fl\u0131\u011f\u0131 Merkezi","description":"Samsun Bafra Kolay ASM","potentialAction":[{"@type":"SearchAction","target":{"@type":"EntryPoint","urlTemplate":"https:\/\/www.bafrakolayasm.com\/?s={search_term_string}"},"query-input":{"@type":"PropertyValueSpecification","valueRequired":true,"valueName":"search_term_string"}}],"inLanguage":"tr"}]}},"_links":{"self":[{"href":"https:\/\/www.bafrakolayasm.com\/index.php?rest_route=\/wp\/v2\/pages\/51","targetHints":{"allow":["GET"]}}],"collection":[{"href":"https:\/\/www.bafrakolayasm.com\/index.php?rest_route=\/wp\/v2\/pages"}],"about":[{"href":"https:\/\/www.bafrakolayasm.com\/index.php?rest_route=\/wp\/v2\/types\/page"}],"author":[{"embeddable":true,"href":"https:\/\/www.bafrakolayasm.com\/index.php?rest_route=\/wp\/v2\/users\/1"}],"replies":[{"embeddable":true,"href":"https:\/\/www.bafrakolayasm.com\/index.php?rest_route=%2Fwp%2Fv2%2Fcomments&post=51"}],"version-history":[{"count":1,"href":"https:\/\/www.bafrakolayasm.com\/index.php?rest_route=\/wp\/v2\/pages\/51\/revisions"}],"predecessor-version":[{"id":52,"href":"https:\/\/www.bafrakolayasm.com\/index.php?rest_route=\/wp\/v2\/pages\/51\/revisions\/52"}],"wp:attachment":[{"href":"https:\/\/www.bafrakolayasm.com\/index.php?rest_route=%2Fwp%2Fv2%2Fmedia&parent=51"}],"curies":[{"name":"wp","href":"https:\/\/api.w.org\/{rel}","templated":true}]}}