{"id":49,"date":"2016-06-17T19:54:39","date_gmt":"2016-06-17T19:54:39","guid":{"rendered":"http:\/\/www.bafrakolayasm.com\/?page_id=49"},"modified":"2016-06-17T19:54:39","modified_gmt":"2016-06-17T19:54:39","slug":"oncelikli-hastalar","status":"publish","type":"page","link":"https:\/\/www.bafrakolayasm.com\/?page_id=49","title":{"rendered":"\u00d6ncelikli Hastalar"},"content":{"rendered":"<ul>\n<li>Sa\u011fl\u0131k Bakanl\u0131\u011f\u0131 Tedavi Hizmetleri Genel M\u00fcd\u00fcrl\u00fc\u011f\u00fc 2010\/73 say\u0131l\u0131 genelge gere\u011fince Polikliniklerde s\u0131ras\u0131 ile<\/li>\n<li>Acil Vakalar (ani geli\u015fen hastal\u0131k, kaza, yaralanma vb durumlar ile ivedili t\u0131bbi m\u00fcdahale yap\u0131lmas\u0131 gerekti\u011fini hekim taraf\u0131ndan karar verilen hastal\u0131klar),<\/li>\n<li>A\u011f\u0131r \u00f6z\u00fcrl\u00fc raporu bulunan engelliler,<\/li>\n<li>Hamileler,<\/li>\n<li>65 Ya\u015f \u00fcst\u00fc ya\u015fl\u0131lar,<\/li>\n<li>Yedi (7) ya\u015f\u0131ndan k\u00fc\u00e7\u00fck \u00e7ocuklar,<\/li>\n<li>Harp ve vazife \u015fehitlerinin dul ve yetimleri ile malul ve gaziler,<\/li>\n<li>Genel hizmeti aksatmayacak \u015fekilde her poliklinikte \u00f6ncelik hakk\u0131 tan\u0131nmaktad\u0131r.<\/li>\n<li>Engelli, ya\u015fl\u0131 ve sa\u011fl\u0131k \u00e7al\u0131\u015fanlar\u0131, kay\u0131tlar\u0131n\u0131n k\u0131sa s\u00fcrede yapabilmesi ve \u00f6ncelikli s\u0131ra alabilmeleri i\u00e7in engelli, Ya\u015fl\u0131 ve Sa\u011fl\u0131k \u00c7al\u0131\u015fan\u0131 Kay\u0131t B\u00f6l\u00fcm\u00fcne ba\u015fvurunuz.<\/li>\n<li>Engelli ve ya\u015fl\u0131 hastalar\u0131m\u0131z, kendileri i\u00e7in ayr\u0131lm\u0131\u015f bekleme koltuklar\u0131n\u0131 kullanabilirler.<\/li>\n<\/ul>\n","protected":false},"excerpt":{"rendered":"<p>Sa\u011fl\u0131k Bakanl\u0131\u011f\u0131 Tedavi Hizmetleri Genel M\u00fcd\u00fcrl\u00fc\u011f\u00fc 2010\/73 say\u0131l\u0131 genelge gere\u011fince Polikliniklerde s\u0131ras\u0131 ile Acil Vakalar (ani geli\u015fen hastal\u0131k, kaza, yaralanma vb durumlar ile ivedili t\u0131bbi m\u00fcdahale yap\u0131lmas\u0131 gerekti\u011fini hekim taraf\u0131ndan karar verilen hastal\u0131klar), A\u011f\u0131r \u00f6z\u00fcrl\u00fc raporu bulunan engelliler, Hamileler, 65 Ya\u015f \u00fcst\u00fc ya\u015fl\u0131lar, Yedi (7) ya\u015f\u0131ndan k\u00fc\u00e7\u00fck \u00e7ocuklar, Harp ve vazife \u015fehitlerinin dul ve yetimleri [&hellip;]<\/p>\n","protected":false},"author":1,"featured_media":0,"parent":0,"menu_order":0,"comment_status":"closed","ping_status":"closed","template":"","meta":{"footnotes":""},"class_list":["post-49","page","type-page","status-publish","hentry"],"yoast_head":"<!-- This site is optimized with the Yoast SEO plugin v25.9 - https:\/\/yoast.com\/wordpress\/plugins\/seo\/ -->\n<title>\u00d6ncelikli Hastalar - Bafra Kolay Aile Sa\u011fl\u0131\u011f\u0131 Merkezi<\/title>\n<meta name=\"robots\" content=\"index, follow, max-snippet:-1, max-image-preview:large, max-video-preview:-1\" \/>\n<link rel=\"canonical\" href=\"https:\/\/www.bafrakolayasm.com\/?page_id=49\" \/>\n<meta property=\"og:locale\" content=\"tr_TR\" \/>\n<meta property=\"og:type\" content=\"article\" \/>\n<meta property=\"og:title\" content=\"\u00d6ncelikli Hastalar - Bafra Kolay Aile Sa\u011fl\u0131\u011f\u0131 Merkezi\" \/>\n<meta property=\"og:description\" content=\"Sa\u011fl\u0131k Bakanl\u0131\u011f\u0131 Tedavi Hizmetleri Genel M\u00fcd\u00fcrl\u00fc\u011f\u00fc 2010\/73 say\u0131l\u0131 genelge gere\u011fince Polikliniklerde s\u0131ras\u0131 ile Acil Vakalar (ani geli\u015fen hastal\u0131k, kaza, yaralanma vb durumlar ile ivedili t\u0131bbi m\u00fcdahale yap\u0131lmas\u0131 gerekti\u011fini hekim taraf\u0131ndan karar verilen hastal\u0131klar), A\u011f\u0131r \u00f6z\u00fcrl\u00fc raporu bulunan engelliler, Hamileler, 65 Ya\u015f \u00fcst\u00fc ya\u015fl\u0131lar, Yedi (7) ya\u015f\u0131ndan k\u00fc\u00e7\u00fck \u00e7ocuklar, Harp ve vazife \u015fehitlerinin dul ve yetimleri [&hellip;]\" \/>\n<meta property=\"og:url\" content=\"https:\/\/www.bafrakolayasm.com\/?page_id=49\" \/>\n<meta property=\"og:site_name\" content=\"Bafra Kolay Aile Sa\u011fl\u0131\u011f\u0131 Merkezi\" \/>\n<meta name=\"twitter:card\" content=\"summary_large_image\" \/>\n<meta name=\"twitter:label1\" content=\"Tahmini okuma s\u00fcresi\" \/>\n\t<meta name=\"twitter:data1\" content=\"1 dakika\" \/>\n<script type=\"application\/ld+json\" class=\"yoast-schema-graph\">{\"@context\":\"https:\/\/schema.org\",\"@graph\":[{\"@type\":\"WebPage\",\"@id\":\"https:\/\/www.bafrakolayasm.com\/?page_id=49\",\"url\":\"https:\/\/www.bafrakolayasm.com\/?page_id=49\",\"name\":\"\u00d6ncelikli Hastalar - Bafra Kolay Aile Sa\u011fl\u0131\u011f\u0131 Merkezi\",\"isPartOf\":{\"@id\":\"https:\/\/www.bafrakolayasm.com\/#website\"},\"datePublished\":\"2016-06-17T19:54:39+00:00\",\"breadcrumb\":{\"@id\":\"https:\/\/www.bafrakolayasm.com\/?page_id=49#breadcrumb\"},\"inLanguage\":\"tr\",\"potentialAction\":[{\"@type\":\"ReadAction\",\"target\":[\"https:\/\/www.bafrakolayasm.com\/?page_id=49\"]}]},{\"@type\":\"BreadcrumbList\",\"@id\":\"https:\/\/www.bafrakolayasm.com\/?page_id=49#breadcrumb\",\"itemListElement\":[{\"@type\":\"ListItem\",\"position\":1,\"name\":\"Anasayfa\",\"item\":\"https:\/\/www.bafrakolayasm.com\/\"},{\"@type\":\"ListItem\",\"position\":2,\"name\":\"\u00d6ncelikli Hastalar\"}]},{\"@type\":\"WebSite\",\"@id\":\"https:\/\/www.bafrakolayasm.com\/#website\",\"url\":\"https:\/\/www.bafrakolayasm.com\/\",\"name\":\"Bafra Kolay Aile Sa\u011fl\u0131\u011f\u0131 Merkezi\",\"description\":\"Samsun Bafra Kolay ASM\",\"potentialAction\":[{\"@type\":\"SearchAction\",\"target\":{\"@type\":\"EntryPoint\",\"urlTemplate\":\"https:\/\/www.bafrakolayasm.com\/?s={search_term_string}\"},\"query-input\":{\"@type\":\"PropertyValueSpecification\",\"valueRequired\":true,\"valueName\":\"search_term_string\"}}],\"inLanguage\":\"tr\"}]}<\/script>\n<!-- \/ Yoast SEO plugin. -->","yoast_head_json":{"title":"\u00d6ncelikli Hastalar - Bafra Kolay Aile Sa\u011fl\u0131\u011f\u0131 Merkezi","robots":{"index":"index","follow":"follow","max-snippet":"max-snippet:-1","max-image-preview":"max-image-preview:large","max-video-preview":"max-video-preview:-1"},"canonical":"https:\/\/www.bafrakolayasm.com\/?page_id=49","og_locale":"tr_TR","og_type":"article","og_title":"\u00d6ncelikli Hastalar - Bafra Kolay Aile Sa\u011fl\u0131\u011f\u0131 Merkezi","og_description":"Sa\u011fl\u0131k Bakanl\u0131\u011f\u0131 Tedavi Hizmetleri Genel M\u00fcd\u00fcrl\u00fc\u011f\u00fc 2010\/73 say\u0131l\u0131 genelge gere\u011fince Polikliniklerde s\u0131ras\u0131 ile Acil Vakalar (ani geli\u015fen hastal\u0131k, kaza, yaralanma vb durumlar ile ivedili t\u0131bbi m\u00fcdahale yap\u0131lmas\u0131 gerekti\u011fini hekim taraf\u0131ndan karar verilen hastal\u0131klar), A\u011f\u0131r \u00f6z\u00fcrl\u00fc raporu bulunan engelliler, Hamileler, 65 Ya\u015f \u00fcst\u00fc ya\u015fl\u0131lar, Yedi (7) ya\u015f\u0131ndan k\u00fc\u00e7\u00fck \u00e7ocuklar, Harp ve vazife \u015fehitlerinin dul ve yetimleri [&hellip;]","og_url":"https:\/\/www.bafrakolayasm.com\/?page_id=49","og_site_name":"Bafra Kolay Aile Sa\u011fl\u0131\u011f\u0131 Merkezi","twitter_card":"summary_large_image","twitter_misc":{"Tahmini okuma s\u00fcresi":"1 dakika"},"schema":{"@context":"https:\/\/schema.org","@graph":[{"@type":"WebPage","@id":"https:\/\/www.bafrakolayasm.com\/?page_id=49","url":"https:\/\/www.bafrakolayasm.com\/?page_id=49","name":"\u00d6ncelikli Hastalar - Bafra Kolay Aile Sa\u011fl\u0131\u011f\u0131 Merkezi","isPartOf":{"@id":"https:\/\/www.bafrakolayasm.com\/#website"},"datePublished":"2016-06-17T19:54:39+00:00","breadcrumb":{"@id":"https:\/\/www.bafrakolayasm.com\/?page_id=49#breadcrumb"},"inLanguage":"tr","potentialAction":[{"@type":"ReadAction","target":["https:\/\/www.bafrakolayasm.com\/?page_id=49"]}]},{"@type":"BreadcrumbList","@id":"https:\/\/www.bafrakolayasm.com\/?page_id=49#breadcrumb","itemListElement":[{"@type":"ListItem","position":1,"name":"Anasayfa","item":"https:\/\/www.bafrakolayasm.com\/"},{"@type":"ListItem","position":2,"name":"\u00d6ncelikli Hastalar"}]},{"@type":"WebSite","@id":"https:\/\/www.bafrakolayasm.com\/#website","url":"https:\/\/www.bafrakolayasm.com\/","name":"Bafra Kolay Aile Sa\u011fl\u0131\u011f\u0131 Merkezi","description":"Samsun Bafra Kolay ASM","potentialAction":[{"@type":"SearchAction","target":{"@type":"EntryPoint","urlTemplate":"https:\/\/www.bafrakolayasm.com\/?s={search_term_string}"},"query-input":{"@type":"PropertyValueSpecification","valueRequired":true,"valueName":"search_term_string"}}],"inLanguage":"tr"}]}},"_links":{"self":[{"href":"https:\/\/www.bafrakolayasm.com\/index.php?rest_route=\/wp\/v2\/pages\/49","targetHints":{"allow":["GET"]}}],"collection":[{"href":"https:\/\/www.bafrakolayasm.com\/index.php?rest_route=\/wp\/v2\/pages"}],"about":[{"href":"https:\/\/www.bafrakolayasm.com\/index.php?rest_route=\/wp\/v2\/types\/page"}],"author":[{"embeddable":true,"href":"https:\/\/www.bafrakolayasm.com\/index.php?rest_route=\/wp\/v2\/users\/1"}],"replies":[{"embeddable":true,"href":"https:\/\/www.bafrakolayasm.com\/index.php?rest_route=%2Fwp%2Fv2%2Fcomments&post=49"}],"version-history":[{"count":1,"href":"https:\/\/www.bafrakolayasm.com\/index.php?rest_route=\/wp\/v2\/pages\/49\/revisions"}],"predecessor-version":[{"id":50,"href":"https:\/\/www.bafrakolayasm.com\/index.php?rest_route=\/wp\/v2\/pages\/49\/revisions\/50"}],"wp:attachment":[{"href":"https:\/\/www.bafrakolayasm.com\/index.php?rest_route=%2Fwp%2Fv2%2Fmedia&parent=49"}],"curies":[{"name":"wp","href":"https:\/\/api.w.org\/{rel}","templated":true}]}}