{"id":107,"date":"2017-09-19T17:31:22","date_gmt":"2017-09-19T17:31:22","guid":{"rendered":"http:\/\/www.bafrakolayasm.com\/?page_id=107"},"modified":"2017-09-24T13:15:00","modified_gmt":"2017-09-24T13:15:00","slug":"sunulan-hizmetler","status":"publish","type":"page","link":"https:\/\/www.bafrakolayasm.com\/?page_id=107","title":{"rendered":"SUNULAN H\u0130ZMETLER"},"content":{"rendered":"<h4 class=\"post-title\"><a href=\"http:\/\/www.bafrakolayasm.com\/?page_id=204\">Koruyucu Sa\u011fl\u0131k Hizmetleri<\/a><\/h4>\n<h4 class=\"post-title\"><a href=\"http:\/\/www.bafrakolayasm.com\/?page_id=202\">Sa\u011fl\u0131k E\u011fitimi Hizmetleri<\/a><\/h4>\n<h4 class=\"post-title\"><a href=\"http:\/\/www.bafrakolayasm.com\/?page_id=200\">Tan\u0131 Hizmetleri<\/a><\/h4>\n<h4 class=\"post-title\"><a href=\"http:\/\/www.bafrakolayasm.com\/?page_id=198\">Ki\u015fisel \u00d6zel Sa\u011fl\u0131k Hizmetleri<\/a><\/h4>\n<div class=\"post-body\"><\/div>\n","protected":false},"excerpt":{"rendered":"<p>Koruyucu Sa\u011fl\u0131k Hizmetleri Sa\u011fl\u0131k E\u011fitimi Hizmetleri Tan\u0131 Hizmetleri Ki\u015fisel \u00d6zel Sa\u011fl\u0131k Hizmetleri<\/p>\n","protected":false},"author":2,"featured_media":0,"parent":0,"menu_order":0,"comment_status":"closed","ping_status":"closed","template":"","meta":{"footnotes":""},"class_list":["post-107","page","type-page","status-publish","hentry"],"yoast_head":"<!-- This site is optimized with the Yoast SEO plugin v25.9 - https:\/\/yoast.com\/wordpress\/plugins\/seo\/ -->\n<title>SUNULAN H\u0130ZMETLER - Bafra Kolay Aile Sa\u011fl\u0131\u011f\u0131 Merkezi<\/title>\n<meta name=\"robots\" content=\"index, follow, max-snippet:-1, max-image-preview:large, max-video-preview:-1\" \/>\n<link rel=\"canonical\" href=\"https:\/\/www.bafrakolayasm.com\/?page_id=107\" \/>\n<meta property=\"og:locale\" content=\"tr_TR\" \/>\n<meta property=\"og:type\" content=\"article\" \/>\n<meta property=\"og:title\" content=\"SUNULAN H\u0130ZMETLER - Bafra Kolay Aile Sa\u011fl\u0131\u011f\u0131 Merkezi\" \/>\n<meta property=\"og:description\" content=\"Koruyucu Sa\u011fl\u0131k Hizmetleri Sa\u011fl\u0131k E\u011fitimi Hizmetleri Tan\u0131 Hizmetleri Ki\u015fisel \u00d6zel Sa\u011fl\u0131k Hizmetleri\" \/>\n<meta property=\"og:url\" content=\"https:\/\/www.bafrakolayasm.com\/?page_id=107\" \/>\n<meta property=\"og:site_name\" content=\"Bafra Kolay Aile Sa\u011fl\u0131\u011f\u0131 Merkezi\" \/>\n<meta property=\"article:modified_time\" content=\"2017-09-24T13:15:00+00:00\" \/>\n<meta name=\"twitter:card\" content=\"summary_large_image\" \/>\n<script type=\"application\/ld+json\" class=\"yoast-schema-graph\">{\"@context\":\"https:\/\/schema.org\",\"@graph\":[{\"@type\":\"WebPage\",\"@id\":\"https:\/\/www.bafrakolayasm.com\/?page_id=107\",\"url\":\"https:\/\/www.bafrakolayasm.com\/?page_id=107\",\"name\":\"SUNULAN H\u0130ZMETLER - Bafra Kolay Aile Sa\u011fl\u0131\u011f\u0131 Merkezi\",\"isPartOf\":{\"@id\":\"https:\/\/www.bafrakolayasm.com\/#website\"},\"datePublished\":\"2017-09-19T17:31:22+00:00\",\"dateModified\":\"2017-09-24T13:15:00+00:00\",\"breadcrumb\":{\"@id\":\"https:\/\/www.bafrakolayasm.com\/?page_id=107#breadcrumb\"},\"inLanguage\":\"tr\",\"potentialAction\":[{\"@type\":\"ReadAction\",\"target\":[\"https:\/\/www.bafrakolayasm.com\/?page_id=107\"]}]},{\"@type\":\"BreadcrumbList\",\"@id\":\"https:\/\/www.bafrakolayasm.com\/?page_id=107#breadcrumb\",\"itemListElement\":[{\"@type\":\"ListItem\",\"position\":1,\"name\":\"Anasayfa\",\"item\":\"https:\/\/www.bafrakolayasm.com\/\"},{\"@type\":\"ListItem\",\"position\":2,\"name\":\"SUNULAN H\u0130ZMETLER\"}]},{\"@type\":\"WebSite\",\"@id\":\"https:\/\/www.bafrakolayasm.com\/#website\",\"url\":\"https:\/\/www.bafrakolayasm.com\/\",\"name\":\"Bafra Kolay Aile Sa\u011fl\u0131\u011f\u0131 Merkezi\",\"description\":\"Samsun Bafra Kolay ASM\",\"potentialAction\":[{\"@type\":\"SearchAction\",\"target\":{\"@type\":\"EntryPoint\",\"urlTemplate\":\"https:\/\/www.bafrakolayasm.com\/?s={search_term_string}\"},\"query-input\":{\"@type\":\"PropertyValueSpecification\",\"valueRequired\":true,\"valueName\":\"search_term_string\"}}],\"inLanguage\":\"tr\"}]}<\/script>\n<!-- \/ Yoast SEO plugin. -->","yoast_head_json":{"title":"SUNULAN H\u0130ZMETLER - Bafra Kolay Aile Sa\u011fl\u0131\u011f\u0131 Merkezi","robots":{"index":"index","follow":"follow","max-snippet":"max-snippet:-1","max-image-preview":"max-image-preview:large","max-video-preview":"max-video-preview:-1"},"canonical":"https:\/\/www.bafrakolayasm.com\/?page_id=107","og_locale":"tr_TR","og_type":"article","og_title":"SUNULAN H\u0130ZMETLER - Bafra Kolay Aile Sa\u011fl\u0131\u011f\u0131 Merkezi","og_description":"Koruyucu Sa\u011fl\u0131k Hizmetleri Sa\u011fl\u0131k E\u011fitimi Hizmetleri Tan\u0131 Hizmetleri Ki\u015fisel \u00d6zel Sa\u011fl\u0131k Hizmetleri","og_url":"https:\/\/www.bafrakolayasm.com\/?page_id=107","og_site_name":"Bafra Kolay Aile Sa\u011fl\u0131\u011f\u0131 Merkezi","article_modified_time":"2017-09-24T13:15:00+00:00","twitter_card":"summary_large_image","schema":{"@context":"https:\/\/schema.org","@graph":[{"@type":"WebPage","@id":"https:\/\/www.bafrakolayasm.com\/?page_id=107","url":"https:\/\/www.bafrakolayasm.com\/?page_id=107","name":"SUNULAN H\u0130ZMETLER - Bafra Kolay Aile Sa\u011fl\u0131\u011f\u0131 Merkezi","isPartOf":{"@id":"https:\/\/www.bafrakolayasm.com\/#website"},"datePublished":"2017-09-19T17:31:22+00:00","dateModified":"2017-09-24T13:15:00+00:00","breadcrumb":{"@id":"https:\/\/www.bafrakolayasm.com\/?page_id=107#breadcrumb"},"inLanguage":"tr","potentialAction":[{"@type":"ReadAction","target":["https:\/\/www.bafrakolayasm.com\/?page_id=107"]}]},{"@type":"BreadcrumbList","@id":"https:\/\/www.bafrakolayasm.com\/?page_id=107#breadcrumb","itemListElement":[{"@type":"ListItem","position":1,"name":"Anasayfa","item":"https:\/\/www.bafrakolayasm.com\/"},{"@type":"ListItem","position":2,"name":"SUNULAN H\u0130ZMETLER"}]},{"@type":"WebSite","@id":"https:\/\/www.bafrakolayasm.com\/#website","url":"https:\/\/www.bafrakolayasm.com\/","name":"Bafra Kolay Aile Sa\u011fl\u0131\u011f\u0131 Merkezi","description":"Samsun Bafra Kolay ASM","potentialAction":[{"@type":"SearchAction","target":{"@type":"EntryPoint","urlTemplate":"https:\/\/www.bafrakolayasm.com\/?s={search_term_string}"},"query-input":{"@type":"PropertyValueSpecification","valueRequired":true,"valueName":"search_term_string"}}],"inLanguage":"tr"}]}},"_links":{"self":[{"href":"https:\/\/www.bafrakolayasm.com\/index.php?rest_route=\/wp\/v2\/pages\/107","targetHints":{"allow":["GET"]}}],"collection":[{"href":"https:\/\/www.bafrakolayasm.com\/index.php?rest_route=\/wp\/v2\/pages"}],"about":[{"href":"https:\/\/www.bafrakolayasm.com\/index.php?rest_route=\/wp\/v2\/types\/page"}],"author":[{"embeddable":true,"href":"https:\/\/www.bafrakolayasm.com\/index.php?rest_route=\/wp\/v2\/users\/2"}],"replies":[{"embeddable":true,"href":"https:\/\/www.bafrakolayasm.com\/index.php?rest_route=%2Fwp%2Fv2%2Fcomments&post=107"}],"version-history":[{"count":3,"href":"https:\/\/www.bafrakolayasm.com\/index.php?rest_route=\/wp\/v2\/pages\/107\/revisions"}],"predecessor-version":[{"id":211,"href":"https:\/\/www.bafrakolayasm.com\/index.php?rest_route=\/wp\/v2\/pages\/107\/revisions\/211"}],"wp:attachment":[{"href":"https:\/\/www.bafrakolayasm.com\/index.php?rest_route=%2Fwp%2Fv2%2Fmedia&parent=107"}],"curies":[{"name":"wp","href":"https:\/\/api.w.org\/{rel}","templated":true}]}}